{"id":17,"date":"2017-02-18T12:44:39","date_gmt":"2017-02-18T11:44:39","guid":{"rendered":"http:\/\/wp.schutzgemeinschaft-ammersee.de\/wp\/?page_id=17"},"modified":"2025-04-11T11:36:05","modified_gmt":"2025-04-11T10:36:05","slug":"vorstand","status":"publish","type":"page","link":"https:\/\/www.schutzgemeinschaft-ammersee.de\/wp\/?page_id=17","title":{"rendered":"Vorstand"},"content":{"rendered":"<div class=\"csc-header csc-header-n1\"><span style=\"font-family: verdana; font-size: medium;\"><b><a href=\"http:\/\/wp.schutzgemeinschaft-ammersee.de\/wp\/wp-content\/uploads\/2017\/02\/P1020002.jpg\"><br \/>\n<\/a>Vorstandschaft der Schutzgemeinschaft Ammersee e.V.<\/b><\/span><\/div>\n<div class=\"csc-header csc-header-n1\"><\/div>\n<p class=\"bodytext\">Vorsitzender: Markus Layritz, M\u00fcnchen<\/p>\n<p class=\"bodytext\">Stellvertretender Vorsitzender: Karl Bregler, M\u00fcnchen<\/p>\n<p class=\"bodytext\">Schatzmeisterin: Solveig H\u00f6rtensteiner, M\u00fcnchen<\/p>\n<p class=\"bodytext\">Schriftf\u00fchrerin: Gabriele Hoy, Diessen<\/p>\n<p class=\"bodytext\">7 Beisitzer<\/p>\n","protected":false},"excerpt":{"rendered":"<p>Vorstandschaft der Schutzgemeinschaft Ammersee e.V. Vorsitzender: Markus Layritz, M\u00fcnchen Stellvertretender Vorsitzender: Karl Bregler, M\u00fcnchen Schatzmeisterin: Solveig H\u00f6rtensteiner, M\u00fcnchen Schriftf\u00fchrerin: Gabriele Hoy, Diessen 7 Beisitzer<\/p>\n","protected":false},"author":2,"featured_media":0,"parent":11,"menu_order":20,"comment_status":"closed","ping_status":"closed","template":"","meta":[],"_links":{"self":[{"href":"https:\/\/www.schutzgemeinschaft-ammersee.de\/wp\/index.php?rest_route=\/wp\/v2\/pages\/17"}],"collection":[{"href":"https:\/\/www.schutzgemeinschaft-ammersee.de\/wp\/index.php?rest_route=\/wp\/v2\/pages"}],"about":[{"href":"https:\/\/www.schutzgemeinschaft-ammersee.de\/wp\/index.php?rest_route=\/wp\/v2\/types\/page"}],"author":[{"embeddable":true,"href":"https:\/\/www.schutzgemeinschaft-ammersee.de\/wp\/index.php?rest_route=\/wp\/v2\/users\/2"}],"replies":[{"embeddable":true,"href":"https:\/\/www.schutzgemeinschaft-ammersee.de\/wp\/index.php?rest_route=%2Fwp%2Fv2%2Fcomments&post=17"}],"version-history":[{"count":8,"href":"https:\/\/www.schutzgemeinschaft-ammersee.de\/wp\/index.php?rest_route=\/wp\/v2\/pages\/17\/revisions"}],"predecessor-version":[{"id":2005,"href":"https:\/\/www.schutzgemeinschaft-ammersee.de\/wp\/index.php?rest_route=\/wp\/v2\/pages\/17\/revisions\/2005"}],"up":[{"embeddable":true,"href":"https:\/\/www.schutzgemeinschaft-ammersee.de\/wp\/index.php?rest_route=\/wp\/v2\/pages\/11"}],"wp:attachment":[{"href":"https:\/\/www.schutzgemeinschaft-ammersee.de\/wp\/index.php?rest_route=%2Fwp%2Fv2%2Fmedia&parent=17"}],"curies":[{"name":"wp","href":"https:\/\/api.w.org\/{rel}","templated":true}]}}

<div class="csc-header csc-header-n1"><span style="font-family: verdana; font-size: medium;"><b><a href="http://wp.schutzgemeinschaft-ammersee.de/wp/wp-content/uploads/2017/02/P1020002.jpg"><br />
</a>Vorstandschaft der Schutzgemeinschaft Ammersee e.V.</b></span></div>
<div class="csc-header csc-header-n1"></div>
<p class="bodytext">Vorsitzender: Markus Layritz, München</p>
<p class="bodytext">Stellvertretender Vorsitzender: Karl Bregler, München</p>
<p class="bodytext">Schatzmeisterin: Solveig Hörtensteiner, München</p>
<p class="bodytext">Schriftführerin: Gabriele Hoy, Diessen</p>
<p class="bodytext">7 Beisitzer</p>

<p>Vorstandschaft der Schutzgemeinschaft Ammersee e.V. Vorsitzender: Markus Layritz, München Stellvertretender Vorsitzender: Karl Bregler, München Schatzmeisterin: Solveig Hörtensteiner, München Schriftführerin: Gabriele Hoy, Diessen 7 Beisitzer</p>
